
2
Calculate the greatest common factor of 769 and 5.
1
What is the highest common divisor of 216 and 244008?
72
Calculate the greatest common divisor of 15 and 61900.
5
What is the greatest common factor of 163868 and 4?
4
Calculate the greatest common factor of 9594 and 7011.
369
What is the highest common divisor of 7250 and 2125?
125
Calculate the greatest common divisor of 1155 and 25575.
165
What is the greatest common divisor of 115 and 419175?
115
Calculate the greatest common divisor of 237734 and 14.
14
Calculate the highest common divisor of 490 and 2646.
98
Calculate the greatest common factor of 38259 and 2392.
13
Calculate the highest common divisor of 11 and 549527.
11
Calculate the highest common divisor of 1760 and 18205.
55
Calculate the highest common factor of 6900 and 638940.
1380
What is the greatest common factor of 960 and 376448?
64
Calculate the highest common factor of 70006 and 12818.
986
What is the highest common factor of 273 and 192150?
21
Calculate the greatest common divisor of 686 and 2002.
14
Calculate the highest common factor of 5289 and 24553.
43
Calculate the highest common divisor of 139023 and 912.
57
What is the greatest common divisor of 243 and 174798?
81
What is the greatest common factor of 96 and 943728?
48
Calculate the greatest common divisor of 804 and 16160.
4
Calculate the greatest common divisor of 11253 and 473.
11
Calculate the greatest common divisor of 1226 and 216389.
613
Calculate the greatest common divisor of 80 and 301888.
16
Calculate the greatest common factor of 63744 and 13114.
166
What is the greatest common factor of 168 and 65296?
56
Calculate the highest common factor of 189 and 19887.
21
What is the greatest common divisor of 19692 and 10476?
36
Calculate the greatest common factor of 688391 and 11.
11
What is the greatest common divisor of 42 and 125184?
6
Calculate the greatest common factor of 1573 and 13.
13
Calculate the highest common divisor of 6480 and 280.
40
Calculate the greatest common factor of 3224 and 2522.
26
Calculate the highest common factor of 519399 and 27.
27
What is the greatest common factor of 17472 and 26?
26
Calculate the greatest common divisor of 1612450 and 714.
238
Calculate the highest common factor of 43 and 97567.
43
What is the highest common divisor of 515273 and 6116?
1529
What is the highest common divisor of 1617 and 47432?
539
Calculate the greatest common factor of 528741 and 918.
27
Calculate the greatest common factor of 60 and 166780.
20
What is the highest common factor of 660 and 184?
4
Calculate the highest common divisor of 648 and 4698.
162
What is the highest common factor of 46044 and 18?
18
Calculate the greatest common factor of 4811 and 425.
17
Calculate the greatest common divisor of 7360 and 15180.
460
Calculate the highest common factor of 501087 and 247.
19
Calculate the highest common factor of 2490 and 16683.
249
What is the greatest common factor of 1522 and 6?
2
Calculate the greatest common factor of 11011 and 98098.
1001
What is the highest common divisor of 354552 and 8?
8
What is the highest common divisor of 18579 and 10956?
33
Calculate the greatest common divisor of 130 and 60905.
65
Calculate the greatest common factor of 44 and 109978.
22
What is the highest common divisor of 14942735 and 365?
365
Calculate the greatest common divisor of 68 and 697.
17
What is the highest common divisor of 378 and 22218?
42
What is the highest common divisor of 2 and 316258?
2
Calculate the greatest common factor of 1791 and 36019.
199
Calculate the greatest common divisor of 3103 and 8988.
107
Calculate the highest common divisor of 14263 and 51.
17
What is the highest common factor of 2247 and 303387?
21
Calculate the greatest common factor of 1051557 and 767.
767
Calculate the highest common factor of 207 and 39054.
69
What is the greatest common factor of 10648 and 583?
11
What is the greatest common factor of 567 and 101?
1
Calculate the highest common factor of 63 and 13308.
3
What is the highest common factor of 352 and 65472?
352
What is the greatest common factor of 414 and 9864?
18
Calculate the greatest common divisor of 12278 and 219250.
1754
What is the highest common factor of 23 and 458?
1
What is the greatest common factor of 602160 and 40?
40
What is the highest common divisor of 89394 and 13254?
282
What is the highest common factor of 27677 and 2977?
13
Calculate the greatest common divisor of 163262 and 1760.
22
What is the highest common divisor of 1672 and 990280?
152
What is the highest common divisor of 4573 and 1955?
17
What is the greatest common divisor of 208619 and 229?
229
What is the greatest common factor of 175 and 2025?
25
Calculate the highest common factor of 1090 and 52538.
218
Calculate the greatest common factor of 979 and 7209.
89
What is the highest common divisor of 369 and 55728?
9
Calculate the greatest common divisor of 336 and 6342.
42
Calculate the greatest common divisor of 8070 and 86370.
30
Calculate the greatest common divisor of 212 and 477.
53
Calculate the greatest common divisor of 7925 and 609591.
317
What is the highest common divisor of 3561439 and 5271?
1757
Calculate the greatest common factor of 538175 and 275.
275
Calculate the greatest common factor of 2426475 and 225.
75
Calculate the highest common divisor of 318 and 424.
106
What is the greatest common divisor of 297652 and 16?
4
Calculate the greatest common divisor of 50148 and 1008.
252
Calculate the greatest common divisor of 600 and 3120.
120
What is the greatest common divisor of 56035 and 140?
35
Calculate the highest common factor of 637542 and 18.
18
What is the highest common divisor of 206 and 128?
2
Calculate the highest common divisor of 54 and 3375.
27
Calculate the highest common factor of 310 and 2371810.
310
What is the highest common divisor of 630 and 771960?
210
What is the highest common divisor of 108 and 256149?
27
What is the greatest common factor of 79698 and 37?
37
Calculate the greatest common factor of 9215 and 5.
5
Calculate the greatest common factor of 26 and 93758.
2
Calculate the highest common factor of 2403 and 337221.
801
What is the highest common factor of 2772 and 16478?
154
Calculate the greatest common divisor of 8645 and 2375.
95
Calculate the highest common divisor of 8 and 10262.
2
Calculate the highest common divisor of 140 and 2132.
4
What is the greatest common divisor of 15488 and 43560?
968
Calculate the greatest common factor of 531068 and 927.
103
What is the greatest common divisor of 8 and 202112?
8
Calculate the highest common factor of 43169 and 392.
49
Calculate the greatest common factor of 7 and 203.
7
What is the highest common divisor of 1298022 and 8094?
426
What is the greatest common divisor of 216351 and 1296?
81
Calculate the highest common divisor of 376254 and 18.
18
Calculate the highest common factor of 3980 and 155.
5
What is the highest common factor of 56448 and 15204?
84
Calculate the greatest common factor of 22548 and 1524.
12
What is the highest common divisor of 278668 and 78?
26
What is the greatest common factor of 68 and 96781?
17
What is the highest common factor of 133 and 9139?
19
Calculate the highest common divisor of 116265 and 240.
15
What is the highest common factor of 82 and 2135239?
41
Calculate the greatest common divisor of 38336 and 192.
64
What is the greatest common divisor of 193 and 3231013?
193
What is the highest common divisor of 1460880 and 720?
720
What is the highest common divisor of 1368 and 2196?
36
What is the highest common factor of 702 and 1782?
54
Calculate the highest common factor of 504 and 26838.
126
Calculate the greatest common divisor of 8484 and 1876.
28
What is the greatest common divisor of 303 and 2883651?
303
What is the highest common divisor of 4 and 228296?
4
What is the highest common factor of 8510 and 25678?
74
Calculate the greatest common factor of 2072 and 4760.
56
What is the greatest common divisor of 1751 and 1957?
103
Calculate the highest common divisor of 50 and 1810.
10
What is the highest common divisor of 972 and 85836?
12
Calculate the greatest common divisor of 51943 and 86299.
409
What is the greatest common factor of 182663 and 13?
13
Calculate the greates